{"id":23,"date":"2026-01-11T22:44:54","date_gmt":"2026-01-11T21:44:54","guid":{"rendered":"https:\/\/commeo-events.com\/?page_id=23"},"modified":"2026-03-21T04:29:41","modified_gmt":"2026-03-21T03:29:41","slug":"partenaires","status":"publish","type":"page","link":"https:\/\/commeo-events.com\/?page_id=23","title":{"rendered":"Partenaires"},"content":{"rendered":"\t\t<div data-elementor-type=\"wp-page\" data-elementor-id=\"23\" class=\"elementor elementor-23\">\n\t\t\t\t<div class=\"elementor-element elementor-element-18bf878 e-flex e-con-boxed e-con e-parent\" data-id=\"18bf878\" data-element_type=\"container\" data-e-type=\"container\">\n\t\t\t\t\t<div class=\"e-con-inner\">\n\t\t\t\t<div class=\"elementor-element elementor-element-2165608 elementor-widget elementor-widget-heading\" data-id=\"2165608\" data-element_type=\"widget\" data-e-type=\"widget\" data-widget_type=\"heading.default\">\n\t\t\t\t\t<h1 class=\"elementor-heading-title elementor-size-default\">Nos Partenaires<\/h1>\t\t\t\t<\/div>\n\t\t\t\t\t<\/div>\n\t\t\t\t<\/div>\n\t\t<div class=\"elementor-element elementor-element-18e6069 e-flex e-con-boxed e-con e-parent\" data-id=\"18e6069\" data-element_type=\"container\" data-e-type=\"container\">\n\t\t\t\t\t<div class=\"e-con-inner\">\n\t\t<div class=\"elementor-element elementor-element-17d1749 e-con-full e-flex e-con e-child\" data-id=\"17d1749\" data-element_type=\"container\" data-e-type=\"container\">\n\t\t\t\t<div class=\"elementor-element elementor-element-a396de9 elementor-widget elementor-widget-text-editor\" data-id=\"a396de9\" data-element_type=\"widget\" data-e-type=\"widget\" data-widget_type=\"text-editor.default\">\n\t\t\t\t\t\t\t\t\t<p>Chez Comm&rsquo;eo Event&rsquo;s, nous avons la chance de collaborer avec des partenaires de confiance. Organisateurs, institutions, marques et prestataires qui contribuent \u00e0 la r\u00e9ussite de nos \u00e9v\u00e9nements en France et \u00e0 l\u2019international.\u00a0<\/p><p>Gr\u00e2ce \u00e0 ces collaborations solides, nous garantissons un niveau d\u2019exigence \u00e9lev\u00e9, une expertise reconnue et une exp\u00e9rience de qualit\u00e9 pour tous nos clients et participants.<\/p>\t\t\t\t\t\t\t\t<\/div>\n\t\t\t\t<\/div>\n\t\t\t\t<div class=\"elementor-element elementor-element-9dcbaf0 elementor-widget__width-initial elementor-widget-divider--separator-type-pattern elementor-widget-divider--bg-round elementor-widget-divider--view-line elementor-widget elementor-widget-divider\" data-id=\"9dcbaf0\" data-element_type=\"widget\" data-e-type=\"widget\" data-widget_type=\"divider.default\">\n\t\t\t\t\t\t\t<div class=\"elementor-divider\" style=\"--divider-pattern-url: url(&quot;data:image\/svg+xml,%3Csvg xmlns=&#039;http:\/\/www.w3.org\/2000\/svg&#039; preserveAspectRatio=&#039;xMidYMid meet&#039; overflow=&#039;visible&#039; height=&#039;100%&#039; viewBox=&#039;0 0 24 24&#039; fill=&#039;black&#039; stroke=&#039;none&#039;%3E%3Cpath d=&#039;M14.2,4c0.3,0,0.5,0.1,0.7,0.3l7.9,7.2c0.2,0.2,0.3,0.4,0.3,0.7s-0.1,0.5-0.3,0.7l-7.9,7.2c-0.2,0.2-0.4,0.3-0.7,0.3s-0.5-0.1-0.7-0.3s-0.3-0.4-0.3-0.7l0-2.9l-11.5,0c-0.4,0-0.7-0.3-0.7-0.7V9.4C1,9,1.3,8.7,1.7,8.7l11.5,0l0-3.6c0-0.3,0.1-0.5,0.3-0.7S13.9,4,14.2,4z&#039;\/%3E%3C\/svg%3E&quot;);\">\n\t\t\t<span class=\"elementor-divider-separator\">\n\t\t\t\t\t\t<\/span>\n\t\t<\/div>\n\t\t\t\t\t\t<\/div>\n\t\t<div class=\"elementor-element elementor-element-a7555d5 e-con-full e-flex e-con e-child\" data-id=\"a7555d5\" data-element_type=\"container\" data-e-type=\"container\">\n\t\t\t\t<div class=\"elementor-element elementor-element-524d1c0 elementor-widget elementor-widget-heading\" data-id=\"524d1c0\" data-element_type=\"widget\" data-e-type=\"widget\" data-widget_type=\"heading.default\">\n\t\t\t\t\t<h2 class=\"elementor-heading-title elementor-size-default\">Il nous font Confiance !<\/h2>\t\t\t\t<\/div>\n\t\t\t\t<div class=\"elementor-element elementor-element-99eea61 elementor-arrows-position-inside elementor-pagination-position-outside elementor-widget elementor-widget-image-carousel\" data-id=\"99eea61\" data-element_type=\"widget\" data-e-type=\"widget\" data-settings=\"{&quot;slides_to_show&quot;:&quot;1&quot;,&quot;navigation&quot;:&quot;both&quot;,&quot;autoplay&quot;:&quot;yes&quot;,&quot;pause_on_hover&quot;:&quot;yes&quot;,&quot;pause_on_interaction&quot;:&quot;yes&quot;,&quot;autoplay_speed&quot;:5000,&quot;infinite&quot;:&quot;yes&quot;,&quot;effect&quot;:&quot;slide&quot;,&quot;speed&quot;:500}\" data-widget_type=\"image-carousel.default\">\n\t\t\t\t\t\t\t<div class=\"elementor-image-carousel-wrapper swiper\" role=\"region\" aria-roledescription=\"carousel\" aria-label=\"Carrousel d\u2019images\" dir=\"ltr\">\n\t\t\t<div class=\"elementor-image-carousel swiper-wrapper\" aria-live=\"off\">\n\t\t\t\t\t\t\t\t<div class=\"swiper-slide\" role=\"group\" aria-roledescription=\"slide\" aria-label=\"1 sur 4\"><figure class=\"swiper-slide-inner\"><img decoding=\"async\" class=\"swiper-slide-image\" src=\"https:\/\/commeo-events.com\/wp-content\/uploads\/2026\/02\/EQUIplus-logo.png\" alt=\"EQUIplus logo\" \/><\/figure><\/div><div class=\"swiper-slide\" role=\"group\" aria-roledescription=\"slide\" aria-label=\"2 sur 4\"><figure class=\"swiper-slide-inner\"><img decoding=\"async\" class=\"swiper-slide-image\" src=\"https:\/\/commeo-events.com\/wp-content\/uploads\/2026\/02\/logo-grand-prixxxxxxx.png\" alt=\"logo grand prixxxxxxx\" \/><\/figure><\/div><div class=\"swiper-slide\" role=\"group\" aria-roledescription=\"slide\" aria-label=\"3 sur 4\"><figure class=\"swiper-slide-inner\"><img decoding=\"async\" class=\"swiper-slide-image\" src=\"https:\/\/commeo-events.com\/wp-content\/uploads\/2026\/02\/padd-logo.jpg\" alt=\"padd logo\" \/><\/figure><\/div><div class=\"swiper-slide\" role=\"group\" aria-roledescription=\"slide\" aria-label=\"4 sur 4\"><figure class=\"swiper-slide-inner\"><img decoding=\"async\" class=\"swiper-slide-image\" src=\"https:\/\/commeo-events.com\/wp-content\/uploads\/2026\/02\/cheval-shop-logo.png\" alt=\"cheval shop logo\" \/><\/figure><\/div>\t\t\t<\/div>\n\t\t\t\t\t\t\t\t\t\t\t\t<div class=\"elementor-swiper-button elementor-swiper-button-prev\" role=\"button\" tabindex=\"0\">\n\t\t\t\t\t\t<svg aria-hidden=\"true\" class=\"e-font-icon-svg e-eicon-chevron-left\" viewBox=\"0 0 1000 1000\" xmlns=\"http:\/\/www.w3.org\/2000\/svg\"><path d=\"M646 125C629 125 613 133 604 142L308 442C296 454 292 471 292 487 292 504 296 521 308 533L604 854C617 867 629 875 646 875 663 875 679 871 692 858 704 846 713 829 713 812 713 796 708 779 692 767L438 487 692 225C700 217 708 204 708 187 708 171 704 154 692 142 675 129 663 125 646 125Z\"><\/path><\/svg>\t\t\t\t\t<\/div>\n\t\t\t\t\t<div class=\"elementor-swiper-button elementor-swiper-button-next\" role=\"button\" tabindex=\"0\">\n\t\t\t\t\t\t<svg aria-hidden=\"true\" class=\"e-font-icon-svg e-eicon-chevron-right\" viewBox=\"0 0 1000 1000\" xmlns=\"http:\/\/www.w3.org\/2000\/svg\"><path d=\"M696 533C708 521 713 504 713 487 713 471 708 454 696 446L400 146C388 133 375 125 354 125 338 125 325 129 313 142 300 154 292 171 292 187 292 204 296 221 308 233L563 492 304 771C292 783 288 800 288 817 288 833 296 850 308 863 321 871 338 875 354 875 371 875 388 867 400 854L696 533Z\"><\/path><\/svg>\t\t\t\t\t<\/div>\n\t\t\t\t\n\t\t\t\t\t\t\t\t\t<div class=\"swiper-pagination\"><\/div>\n\t\t\t\t\t\t\t\t\t<\/div>\n\t\t\t\t\t\t<\/div>\n\t\t\t\t<\/div>\n\t\t\t\t\t<\/div>\n\t\t\t\t<\/div>\n\t\t<div class=\"elementor-element elementor-element-d0fa2ee e-flex e-con-boxed e-con e-parent\" data-id=\"d0fa2ee\" data-element_type=\"container\" data-e-type=\"container\">\n\t\t\t\t\t<div class=\"e-con-inner\">\n\t\t\t\t<div class=\"elementor-element elementor-element-7718782 elementor-widget elementor-widget-button\" data-id=\"7718782\" data-element_type=\"widget\" data-e-type=\"widget\" data-widget_type=\"button.default\">\n\t\t\t\t\t\t\t\t\t\t<a class=\"elementor-button elementor-button-link elementor-size-sm\" href=\"https:\/\/commeo-events.com\/?page_id=25\">\n\t\t\t\t\t\t<span class=\"elementor-button-content-wrapper\">\n\t\t\t\t\t\t\t\t\t<span class=\"elementor-button-text\">Devenir Partenaire<\/span>\n\t\t\t\t\t<\/span>\n\t\t\t\t\t<\/a>\n\t\t\t\t\t\t\t\t<\/div>\n\t\t\t\t\t<\/div>\n\t\t\t\t<\/div>\n\t\t\t\t<\/div>\n\t\t","protected":false},"excerpt":{"rendered":"<p>Nos Partenaires Chez Comm&rsquo;eo Event&rsquo;s, nous avons la chance de collaborer avec des partenaires de confiance. Organisateurs, institutions, marques et prestataires qui contribuent \u00e0 la r\u00e9ussite de nos \u00e9v\u00e9nements en France et \u00e0 l\u2019international.\u00a0 Gr\u00e2ce \u00e0 ces collaborations solides, nous garantissons un niveau d\u2019exigence \u00e9lev\u00e9, une expertise reconnue et une exp\u00e9rience de qualit\u00e9 pour tous &hellip; <\/p>\n<p class=\"link-more\"><a href=\"https:\/\/commeo-events.com\/?page_id=23\" class=\"more-link\">Continuer la lecture<span class=\"screen-reader-text\"> de &laquo;&nbsp;Partenaires&nbsp;&raquo;<\/span><\/a><\/p>\n","protected":false},"author":1,"featured_media":0,"parent":0,"menu_order":0,"comment_status":"closed","ping_status":"closed","template":"elementor_header_footer","meta":{"footnotes":""},"class_list":["post-23","page","type-page","status-publish","hentry"],"yoast_head":"<!-- This site is optimized with the Yoast SEO plugin v27.3 - https:\/\/yoast.com\/product\/yoast-seo-wordpress\/ -->\n<title>Partenaires en \u00e9v\u00e9nementiel \u00e9questre : un r\u00e9seau professionnel \u2013 Comm&#039;eo Event&#039;s<\/title>\n<meta name=\"description\" content=\"Comm&#039;eo Event&#039;s s\u2019appuie sur un r\u00e9seau de partenaires de confiance pour garantir la r\u00e9ussite de vos \u00e9v\u00e9nements \u00e9questres en France et \u00e0 l\u2019international.\" \/>\n<meta name=\"robots\" content=\"index, follow, max-snippet:-1, max-image-preview:large, max-video-preview:-1\" \/>\n<link rel=\"canonical\" href=\"https:\/\/commeo-events.com\/?page_id=23\" \/>\n<meta property=\"og:locale\" content=\"fr_FR\" \/>\n<meta property=\"og:type\" content=\"article\" \/>\n<meta property=\"og:title\" content=\"Partenaires en \u00e9v\u00e9nementiel \u00e9questre : un r\u00e9seau professionnel \u2013 Comm&#039;eo Event&#039;s\" \/>\n<meta property=\"og:description\" content=\"Comm&#039;eo Event&#039;s s\u2019appuie sur un r\u00e9seau de partenaires de confiance pour garantir la r\u00e9ussite de vos \u00e9v\u00e9nements \u00e9questres en France et \u00e0 l\u2019international.\" \/>\n<meta property=\"og:url\" content=\"https:\/\/commeo-events.com\/?page_id=23\" \/>\n<meta property=\"article:modified_time\" content=\"2026-03-21T03:29:41+00:00\" \/>\n<meta property=\"og:image\" content=\"https:\/\/commeo-events.com\/wp-content\/uploads\/2026\/02\/EQUIplus-logo.png\" \/>\n<meta name=\"twitter:card\" content=\"summary_large_image\" \/>\n<meta name=\"twitter:label1\" content=\"Dur\u00e9e de lecture estim\u00e9e\" \/>\n\t<meta name=\"twitter:data1\" content=\"2 minutes\" \/>\n<script type=\"application\/ld+json\" class=\"yoast-schema-graph\">{\"@context\":\"https:\\\/\\\/schema.org\",\"@graph\":[{\"@type\":\"WebPage\",\"@id\":\"https:\\\/\\\/commeo-events.com\\\/?page_id=23\",\"url\":\"https:\\\/\\\/commeo-events.com\\\/?page_id=23\",\"name\":\"Partenaires en \u00e9v\u00e9nementiel \u00e9questre : un r\u00e9seau professionnel \u2013 Comm'eo Event's\",\"isPartOf\":{\"@id\":\"https:\\\/\\\/commeo-events.com\\\/#website\"},\"primaryImageOfPage\":{\"@id\":\"https:\\\/\\\/commeo-events.com\\\/?page_id=23#primaryimage\"},\"image\":{\"@id\":\"https:\\\/\\\/commeo-events.com\\\/?page_id=23#primaryimage\"},\"thumbnailUrl\":\"https:\\\/\\\/commeo-events.com\\\/wp-content\\\/uploads\\\/2026\\\/02\\\/EQUIplus-logo.png\",\"datePublished\":\"2026-01-11T21:44:54+00:00\",\"dateModified\":\"2026-03-21T03:29:41+00:00\",\"description\":\"Comm'eo Event's s\u2019appuie sur un r\u00e9seau de partenaires de confiance pour garantir la r\u00e9ussite de vos \u00e9v\u00e9nements \u00e9questres en France et \u00e0 l\u2019international.\",\"breadcrumb\":{\"@id\":\"https:\\\/\\\/commeo-events.com\\\/?page_id=23#breadcrumb\"},\"inLanguage\":\"fr-FR\",\"potentialAction\":[{\"@type\":\"ReadAction\",\"target\":[\"https:\\\/\\\/commeo-events.com\\\/?page_id=23\"]}]},{\"@type\":\"ImageObject\",\"inLanguage\":\"fr-FR\",\"@id\":\"https:\\\/\\\/commeo-events.com\\\/?page_id=23#primaryimage\",\"url\":\"https:\\\/\\\/commeo-events.com\\\/wp-content\\\/uploads\\\/2026\\\/02\\\/EQUIplus-logo.png\",\"contentUrl\":\"https:\\\/\\\/commeo-events.com\\\/wp-content\\\/uploads\\\/2026\\\/02\\\/EQUIplus-logo.png\",\"width\":600,\"height\":600},{\"@type\":\"BreadcrumbList\",\"@id\":\"https:\\\/\\\/commeo-events.com\\\/?page_id=23#breadcrumb\",\"itemListElement\":[{\"@type\":\"ListItem\",\"position\":1,\"name\":\"Accueil\",\"item\":\"https:\\\/\\\/commeo-events.com\\\/\"},{\"@type\":\"ListItem\",\"position\":2,\"name\":\"Partenaires\"}]},{\"@type\":\"WebSite\",\"@id\":\"https:\\\/\\\/commeo-events.com\\\/#website\",\"url\":\"https:\\\/\\\/commeo-events.com\\\/\",\"name\":\"Comm'eo event's\",\"description\":\"\",\"publisher\":{\"@id\":\"https:\\\/\\\/commeo-events.com\\\/#organization\"},\"potentialAction\":[{\"@type\":\"SearchAction\",\"target\":{\"@type\":\"EntryPoint\",\"urlTemplate\":\"https:\\\/\\\/commeo-events.com\\\/?s={search_term_string}\"},\"query-input\":{\"@type\":\"PropertyValueSpecification\",\"valueRequired\":true,\"valueName\":\"search_term_string\"}}],\"inLanguage\":\"fr-FR\"},{\"@type\":\"Organization\",\"@id\":\"https:\\\/\\\/commeo-events.com\\\/#organization\",\"name\":\"Comm'eo event's\",\"url\":\"https:\\\/\\\/commeo-events.com\\\/\",\"logo\":{\"@type\":\"ImageObject\",\"inLanguage\":\"fr-FR\",\"@id\":\"https:\\\/\\\/commeo-events.com\\\/#\\\/schema\\\/logo\\\/image\\\/\",\"url\":\"https:\\\/\\\/commeo-events.com\\\/wp-content\\\/uploads\\\/2026\\\/04\\\/cropped-Design-sans-titre-1.png\",\"contentUrl\":\"https:\\\/\\\/commeo-events.com\\\/wp-content\\\/uploads\\\/2026\\\/04\\\/cropped-Design-sans-titre-1.png\",\"width\":619,\"height\":250,\"caption\":\"Comm'eo event's\"},\"image\":{\"@id\":\"https:\\\/\\\/commeo-events.com\\\/#\\\/schema\\\/logo\\\/image\\\/\"}}]}<\/script>\n<!-- \/ Yoast SEO plugin. -->","yoast_head_json":{"title":"Partenaires en \u00e9v\u00e9nementiel \u00e9questre : un r\u00e9seau professionnel \u2013 Comm'eo Event's","description":"Comm'eo Event's s\u2019appuie sur un r\u00e9seau de partenaires de confiance pour garantir la r\u00e9ussite de vos \u00e9v\u00e9nements \u00e9questres en France et \u00e0 l\u2019international.","robots":{"index":"index","follow":"follow","max-snippet":"max-snippet:-1","max-image-preview":"max-image-preview:large","max-video-preview":"max-video-preview:-1"},"canonical":"https:\/\/commeo-events.com\/?page_id=23","og_locale":"fr_FR","og_type":"article","og_title":"Partenaires en \u00e9v\u00e9nementiel \u00e9questre : un r\u00e9seau professionnel \u2013 Comm'eo Event's","og_description":"Comm'eo Event's s\u2019appuie sur un r\u00e9seau de partenaires de confiance pour garantir la r\u00e9ussite de vos \u00e9v\u00e9nements \u00e9questres en France et \u00e0 l\u2019international.","og_url":"https:\/\/commeo-events.com\/?page_id=23","article_modified_time":"2026-03-21T03:29:41+00:00","og_image":[{"url":"https:\/\/commeo-events.com\/wp-content\/uploads\/2026\/02\/EQUIplus-logo.png","type":"","width":"","height":""}],"twitter_card":"summary_large_image","twitter_misc":{"Dur\u00e9e de lecture estim\u00e9e":"2 minutes"},"schema":{"@context":"https:\/\/schema.org","@graph":[{"@type":"WebPage","@id":"https:\/\/commeo-events.com\/?page_id=23","url":"https:\/\/commeo-events.com\/?page_id=23","name":"Partenaires en \u00e9v\u00e9nementiel \u00e9questre : un r\u00e9seau professionnel \u2013 Comm'eo Event's","isPartOf":{"@id":"https:\/\/commeo-events.com\/#website"},"primaryImageOfPage":{"@id":"https:\/\/commeo-events.com\/?page_id=23#primaryimage"},"image":{"@id":"https:\/\/commeo-events.com\/?page_id=23#primaryimage"},"thumbnailUrl":"https:\/\/commeo-events.com\/wp-content\/uploads\/2026\/02\/EQUIplus-logo.png","datePublished":"2026-01-11T21:44:54+00:00","dateModified":"2026-03-21T03:29:41+00:00","description":"Comm'eo Event's s\u2019appuie sur un r\u00e9seau de partenaires de confiance pour garantir la r\u00e9ussite de vos \u00e9v\u00e9nements \u00e9questres en France et \u00e0 l\u2019international.","breadcrumb":{"@id":"https:\/\/commeo-events.com\/?page_id=23#breadcrumb"},"inLanguage":"fr-FR","potentialAction":[{"@type":"ReadAction","target":["https:\/\/commeo-events.com\/?page_id=23"]}]},{"@type":"ImageObject","inLanguage":"fr-FR","@id":"https:\/\/commeo-events.com\/?page_id=23#primaryimage","url":"https:\/\/commeo-events.com\/wp-content\/uploads\/2026\/02\/EQUIplus-logo.png","contentUrl":"https:\/\/commeo-events.com\/wp-content\/uploads\/2026\/02\/EQUIplus-logo.png","width":600,"height":600},{"@type":"BreadcrumbList","@id":"https:\/\/commeo-events.com\/?page_id=23#breadcrumb","itemListElement":[{"@type":"ListItem","position":1,"name":"Accueil","item":"https:\/\/commeo-events.com\/"},{"@type":"ListItem","position":2,"name":"Partenaires"}]},{"@type":"WebSite","@id":"https:\/\/commeo-events.com\/#website","url":"https:\/\/commeo-events.com\/","name":"Comm'eo event's","description":"","publisher":{"@id":"https:\/\/commeo-events.com\/#organization"},"potentialAction":[{"@type":"SearchAction","target":{"@type":"EntryPoint","urlTemplate":"https:\/\/commeo-events.com\/?s={search_term_string}"},"query-input":{"@type":"PropertyValueSpecification","valueRequired":true,"valueName":"search_term_string"}}],"inLanguage":"fr-FR"},{"@type":"Organization","@id":"https:\/\/commeo-events.com\/#organization","name":"Comm'eo event's","url":"https:\/\/commeo-events.com\/","logo":{"@type":"ImageObject","inLanguage":"fr-FR","@id":"https:\/\/commeo-events.com\/#\/schema\/logo\/image\/","url":"https:\/\/commeo-events.com\/wp-content\/uploads\/2026\/04\/cropped-Design-sans-titre-1.png","contentUrl":"https:\/\/commeo-events.com\/wp-content\/uploads\/2026\/04\/cropped-Design-sans-titre-1.png","width":619,"height":250,"caption":"Comm'eo event's"},"image":{"@id":"https:\/\/commeo-events.com\/#\/schema\/logo\/image\/"}}]}},"_hostinger_reach_plugin_has_subscription_block":false,"_hostinger_reach_plugin_is_elementor":false,"_links":{"self":[{"href":"https:\/\/commeo-events.com\/index.php?rest_route=\/wp\/v2\/pages\/23","targetHints":{"allow":["GET"]}}],"collection":[{"href":"https:\/\/commeo-events.com\/index.php?rest_route=\/wp\/v2\/pages"}],"about":[{"href":"https:\/\/commeo-events.com\/index.php?rest_route=\/wp\/v2\/types\/page"}],"author":[{"embeddable":true,"href":"https:\/\/commeo-events.com\/index.php?rest_route=\/wp\/v2\/users\/1"}],"replies":[{"embeddable":true,"href":"https:\/\/commeo-events.com\/index.php?rest_route=%2Fwp%2Fv2%2Fcomments&post=23"}],"version-history":[{"count":22,"href":"https:\/\/commeo-events.com\/index.php?rest_route=\/wp\/v2\/pages\/23\/revisions"}],"predecessor-version":[{"id":342,"href":"https:\/\/commeo-events.com\/index.php?rest_route=\/wp\/v2\/pages\/23\/revisions\/342"}],"wp:attachment":[{"href":"https:\/\/commeo-events.com\/index.php?rest_route=%2Fwp%2Fv2%2Fmedia&parent=23"}],"curies":[{"name":"wp","href":"https:\/\/api.w.org\/{rel}","templated":true}]}}