{"id":21,"date":"2026-01-11T22:44:20","date_gmt":"2026-01-11T21:44:20","guid":{"rendered":"https:\/\/commeo-events.com\/?page_id=21"},"modified":"2026-03-21T04:24:21","modified_gmt":"2026-03-21T03:24:21","slug":"conciergerie","status":"publish","type":"page","link":"https:\/\/commeo-events.com\/?page_id=21","title":{"rendered":"Conciergerie"},"content":{"rendered":"\t\t<div data-elementor-type=\"wp-page\" data-elementor-id=\"21\" class=\"elementor elementor-21\">\n\t\t\t\t<div class=\"elementor-element elementor-element-a2ed692 e-flex e-con-boxed e-con e-parent\" data-id=\"a2ed692\" data-element_type=\"container\" data-e-type=\"container\">\n\t\t\t\t\t<div class=\"e-con-inner\">\n\t\t\t\t<div class=\"elementor-element elementor-element-2bcfc87 elementor-widget elementor-widget-heading\" data-id=\"2bcfc87\" data-element_type=\"widget\" data-e-type=\"widget\" data-widget_type=\"heading.default\">\n\t\t\t\t\t<h2 class=\"elementor-heading-title elementor-size-default\">Besoin d\u2019aide pendant votre \u00e9v\u00e9nement ?<\/h2>\t\t\t\t<\/div>\n\t\t\t\t<div class=\"elementor-element elementor-element-fce0235 elementor-widget elementor-widget-text-editor\" data-id=\"fce0235\" data-element_type=\"widget\" data-e-type=\"widget\" data-widget_type=\"text-editor.default\">\n\t\t\t\t\t\t\t\t\t<p>Commeo Event met \u00e0 votre disposition un service de conciergerie pour accompagner cavaliers, exposants et \u00e9quipes.<br data-start=\"619\" data-end=\"622\" \/>Remplissez le formulaire ci-dessous et nous traiterons votre demande dans les plus brefs d\u00e9lais.<\/p>\t\t\t\t\t\t\t\t<\/div>\n\t\t\t\t\t<\/div>\n\t\t\t\t<\/div>\n\t\t<div class=\"elementor-element elementor-element-b484c22 e-flex e-con-boxed e-con e-parent\" data-id=\"b484c22\" data-element_type=\"container\" data-e-type=\"container\">\n\t\t\t\t\t<div class=\"e-con-inner\">\n\t\t\t\t<div class=\"elementor-element elementor-element-9ac714d elementor-widget elementor-widget-formidable\" data-id=\"9ac714d\" data-element_type=\"widget\" data-e-type=\"widget\" data-widget_type=\"formidable.default\">\n\t\t\t\t<div class=\"elementor-widget-container\">\n\t\t\t\t\t<div class=\"frm_forms  with_frm_style frm_style_style-formidable\" id=\"frm_form_4_container\" data-token=\"18920c79ac59bbc1706645e516935d2c\">\n<form enctype=\"multipart\/form-data\" method=\"post\" class=\"frm-show-form \" id=\"form_conciergerie\" data-token=\"18920c79ac59bbc1706645e516935d2c\">\n<div class=\"frm_form_fields \">\n<fieldset>\n<legend class=\"frm_screen_reader\">Conciergerie<\/legend>\r\n\r\n<div class=\"frm_fields_container\">\n<input type=\"hidden\" name=\"frm_action\" value=\"create\" \/>\n<input type=\"hidden\" name=\"form_id\" value=\"4\" \/>\n<input type=\"hidden\" name=\"frm_hide_fields_4\" id=\"frm_hide_fields_4\" value=\"\" \/>\n<input type=\"hidden\" name=\"form_key\" value=\"conciergerie\" \/>\n<input type=\"hidden\" name=\"item_meta[0]\" value=\"\" \/>\n<input type=\"hidden\" id=\"frm_submit_entry_4\" name=\"frm_submit_entry_4\" value=\"c524797ab0\" \/><input type=\"hidden\" name=\"_wp_http_referer\" value=\"\/index.php?rest_route=%2Fwp%2Fv2%2Fpages%2F21\" \/><div id=\"frm_field_24_container\" class=\"frm_form_field form-field  frm_top_container frm12\">\r\n\t<label for=\"field_bm458\" id=\"field_bm458_label\" class=\"frm_primary_label\">Raison Sociale\r\n\t\t<span class=\"frm_required\" aria-hidden=\"true\"><\/span>\r\n\t<\/label>\r\n\t<input type=\"text\" id=\"field_bm458\" name=\"item_meta[24]\" value=\"\"  data-invmsg=\"Raison Sociale est non valide\" aria-invalid=\"false\"  \/>\r\n\t\r\n\t\r\n<\/div>\n<div id=\"frm_field_18_container\" class=\"frm_form_field form-field  frm_required_field frm_top_container frm_half\">\r\n    <label for=\"field_qh4icy2\" class=\"frm_primary_label\">Nom\r\n        <span class=\"frm_required\">*<\/span>\r\n    <\/label>\r\n    <input type=\"text\" id=\"field_qh4icy2\" name=\"item_meta[18]\" value=\"\"  data-reqmsg=\"Nom cannot be blank.\" aria-required=\"true\" data-invmsg=\"Nom est non valide\" aria-invalid=\"false\"   aria-describedby=\"frm_desc_field_qh4icy2\"\/>\r\n    <div class=\"frm_description\" id=\"frm_desc_field_qh4icy2\">Nom<\/div>\r\n    \r\n<\/div>\n<div id=\"frm_field_19_container\" class=\"frm_form_field form-field  frm_required_field frm_hidden_container frm_half\">\r\n    <label for=\"field_ocfup12\" class=\"frm_primary_label\">Pr\u00e9nom\r\n        <span class=\"frm_required\">*<\/span>\r\n    <\/label>\r\n    <input type=\"text\" id=\"field_ocfup12\" name=\"item_meta[19]\" value=\"\"  data-reqmsg=\"Pr\u00e9nom cannot be blank.\" aria-required=\"true\" data-invmsg=\"Pr\u00e9nom est non valide\" aria-invalid=\"false\"   aria-describedby=\"frm_desc_field_ocfup12\"\/>\r\n    <div class=\"frm_description\" id=\"frm_desc_field_ocfup12\">Pr\u00e9nom<\/div>\r\n    \r\n<\/div>\n<div id=\"frm_field_20_container\" class=\"frm_form_field form-field  frm_required_field frm_top_container frm_full\">\r\n    <label for=\"field_29yf4d2\" class=\"frm_primary_label\">Email\r\n        <span class=\"frm_required\">*<\/span>\r\n    <\/label>\r\n    <input type=\"email\" id=\"field_29yf4d2\" name=\"item_meta[20]\" value=\"\"  data-reqmsg=\"Email cannot be blank.\" aria-required=\"true\" data-invmsg=\"Please enter a valid email address\" aria-invalid=\"false\"  \/>\r\n    \r\n    \r\n<\/div>\n<div id=\"frm_field_28_container\" class=\"frm_form_field form-field  frm_required_field frm_top_container\">\n\t<label for=\"field_5pyjt\" id=\"field_5pyjt_label\" class=\"frm_primary_label\">T\u00e9l\u00e9phone\n\t\t<span class=\"frm_required\" aria-hidden=\"true\">*<\/span>\n\t<\/label>\n\t<input type=\"tel\" id=\"field_5pyjt\" name=\"item_meta[28]\" value=\"\"  data-reqmsg=\"T\u00e9l\u00e9phone ne peut pas \u00eatre vide.\" aria-required=\"true\" data-invmsg=\"T\u00e9l\u00e9phone est non valide\" aria-invalid=\"false\" pattern=\"((\\+\\d{1,3}(-|.| )?\\(?\\d\\)?(-| |.)?\\d{1,5})|(\\(?\\d{2,6}\\)?))(-|.| )?(\\d{3,4})(-|.| )?(\\d{4})(( x| ext)\\d{1,5}){0,1}$\"  \/>\n\t\n\t\n<\/div>\n<div id=\"frm_field_25_container\" class=\"frm_form_field form-field  frm_top_container\">\r\n\t<label for=\"field_p6c3w\" id=\"field_p6c3w_label\" class=\"frm_primary_label\">Site Web\/URL\r\n\t\t<span class=\"frm_required\" aria-hidden=\"true\"><\/span>\r\n\t<\/label>\r\n\t<input type=\"url\" id=\"field_p6c3w\" name=\"item_meta[25]\" value=\"\"  data-invmsg=\"Site Web\/URL est non valide\" aria-invalid=\"false\"  \/>\r\n\t\r\n\t\r\n<\/div>\n<div id=\"frm_field_26_container\" class=\"frm_form_field form-field  frm_required_field frm_top_container\">\r\n\t<label for=\"field_t0wqo\" id=\"field_t0wqo_label\" class=\"frm_primary_label\">Conciergerie\r\n\t\t<span class=\"frm_required\" aria-hidden=\"true\">*<\/span>\r\n\t<\/label>\r\n\t\t\t<select name=\"item_meta[26]\" id=\"field_t0wqo\"  data-reqmsg=\"Conciergerie ne peut pas \u00eatre vide.\" aria-required=\"true\" data-invmsg=\"Conciergerie est non valide\" aria-invalid=\"false\"  >\n\t\t<option  value=\"Location de voiture\">Location de voiture<\/option><option  value=\"Transport\">Transport<\/option><option  value=\"Achat d&#039;\u00e9quipement\">Achat d&#039;\u00e9quipement<\/option><option  value=\"Voyages\">Voyages<\/option><option  value=\"Partenariat\">Partenariat<\/option><option  value=\"Divers\">Divers<\/option>\t<\/select>\n\t\r\n\t\r\n\t\r\n<\/div>\n<div id=\"frm_field_22_container\" class=\"frm_form_field form-field  frm_top_container frm_full\">\r\n    <label for=\"field_9jv0r12\" class=\"frm_primary_label\">Message\r\n        <span class=\"frm_required\"><\/span>\r\n    <\/label>\r\n    <textarea name=\"item_meta[22]\" id=\"field_9jv0r12\" rows=\"5\"  data-invmsg=\"Message est non valide\" aria-invalid=\"false\"  ><\/textarea>\r\n    \r\n    \r\n<\/div>\n<div id=\"frm_field_23_container\" class=\"frm_form_field form-field \">\r\n\t<div class=\"frm_submit\">\r\n\r\n<button class=\"frm_button_submit\" type=\"submit\" >Envoyer<\/button>\r\n\r\n<\/div>\r\n<\/div>\n\t<input type=\"hidden\" name=\"item_key\" value=\"\" \/>\n\t\t\t<div id=\"frm_field_29_container\">\n\t\t\t<label for=\"field_24xic\" >\n\t\t\t\tSi vous \u00eates un humain, ne remplissez pas ce champ.\t\t\t<\/label>\n\t\t\t<input  id=\"field_24xic\" type=\"text\" class=\"frm_form_field form-field frm_verify\" name=\"item_meta[29]\" value=\"\"  \/>\n\t\t<\/div>\n\t\t<input name=\"frm_state\" type=\"hidden\" value=\"qVyG4pDWvyphgnA1gWRicFlqxP6wdndVVnLoRTYNF2c=\" \/><\/div>\n<\/fieldset>\n<\/div>\n\n<\/form>\n<\/div>\n\t\t\t\t<\/div>\n\t\t\t\t<\/div>\n\t\t\t\t\t<\/div>\n\t\t\t\t<\/div>\n\t\t\t\t<\/div>\n\t\t","protected":false},"excerpt":{"rendered":"<p>Besoin d\u2019aide pendant votre \u00e9v\u00e9nement ? Commeo Event met \u00e0 votre disposition un service de conciergerie pour accompagner cavaliers, exposants et \u00e9quipes.Remplissez le formulaire ci-dessous et nous traiterons votre demande dans les plus brefs d\u00e9lais. Conciergerie Name * First Pr\u00e9nom * Last Raison Sociale Email * Site Web\/URL Conciergerie * Location de voitureTrasnsportAchat d&#039;\u00e9quipementVoyagesPartenariat Message &hellip; <\/p>\n<p class=\"link-more\"><a href=\"https:\/\/commeo-events.com\/?page_id=21\" class=\"more-link\">Continuer la lecture<span class=\"screen-reader-text\"> de &laquo;&nbsp;Conciergerie&nbsp;&raquo;<\/span><\/a><\/p>\n","protected":false},"author":1,"featured_media":0,"parent":0,"menu_order":0,"comment_status":"closed","ping_status":"closed","template":"elementor_header_footer","meta":{"footnotes":""},"class_list":["post-21","page","type-page","status-publish","hentry"],"yoast_head":"<!-- This site is optimized with the Yoast SEO plugin v27.3 - https:\/\/yoast.com\/product\/yoast-seo-wordpress\/ -->\n<title>Conciergerie \u00e9v\u00e9nementielle sur mesure \u2013 Services personnalis\u00e9s haut de gamme \u2013 Comm&#039;eo Event&#039;s<\/title>\n<meta name=\"description\" content=\"Comm&#039;eo Event&#039;s propose un service de conciergerie \u00e9v\u00e9nementielle sur mesure : gestion personnalis\u00e9e, demandes sp\u00e9cifiques et accompagnement haut de gamme en France et \u00e0 l\u2019international.\" \/>\n<meta name=\"robots\" content=\"index, follow, max-snippet:-1, max-image-preview:large, max-video-preview:-1\" \/>\n<link rel=\"canonical\" href=\"https:\/\/commeo-events.com\/?page_id=21\" \/>\n<meta property=\"og:locale\" content=\"fr_FR\" \/>\n<meta property=\"og:type\" content=\"article\" \/>\n<meta property=\"og:title\" content=\"Conciergerie \u00e9v\u00e9nementielle sur mesure \u2013 Services personnalis\u00e9s haut de gamme \u2013 Comm&#039;eo Event&#039;s\" \/>\n<meta property=\"og:description\" content=\"Comm&#039;eo Event&#039;s propose un service de conciergerie \u00e9v\u00e9nementielle sur mesure : gestion personnalis\u00e9e, demandes sp\u00e9cifiques et accompagnement haut de gamme en France et \u00e0 l\u2019international.\" \/>\n<meta property=\"og:url\" content=\"https:\/\/commeo-events.com\/?page_id=21\" \/>\n<meta property=\"article:modified_time\" content=\"2026-03-21T03:24:21+00:00\" \/>\n<meta name=\"twitter:card\" content=\"summary_large_image\" \/>\n<meta name=\"twitter:label1\" content=\"Dur\u00e9e de lecture estim\u00e9e\" \/>\n\t<meta name=\"twitter:data1\" content=\"1 minute\" \/>\n<script type=\"application\/ld+json\" class=\"yoast-schema-graph\">{\"@context\":\"https:\\\/\\\/schema.org\",\"@graph\":[{\"@type\":\"WebPage\",\"@id\":\"https:\\\/\\\/commeo-events.com\\\/?page_id=21\",\"url\":\"https:\\\/\\\/commeo-events.com\\\/?page_id=21\",\"name\":\"Conciergerie \u00e9v\u00e9nementielle sur mesure \u2013 Services personnalis\u00e9s haut de gamme \u2013 Comm'eo Event's\",\"isPartOf\":{\"@id\":\"https:\\\/\\\/commeo-events.com\\\/#website\"},\"datePublished\":\"2026-01-11T21:44:20+00:00\",\"dateModified\":\"2026-03-21T03:24:21+00:00\",\"description\":\"Comm'eo Event's propose un service de conciergerie \u00e9v\u00e9nementielle sur mesure : gestion personnalis\u00e9e, demandes sp\u00e9cifiques et accompagnement haut de gamme en France et \u00e0 l\u2019international.\",\"breadcrumb\":{\"@id\":\"https:\\\/\\\/commeo-events.com\\\/?page_id=21#breadcrumb\"},\"inLanguage\":\"fr-FR\",\"potentialAction\":[{\"@type\":\"ReadAction\",\"target\":[\"https:\\\/\\\/commeo-events.com\\\/?page_id=21\"]}]},{\"@type\":\"BreadcrumbList\",\"@id\":\"https:\\\/\\\/commeo-events.com\\\/?page_id=21#breadcrumb\",\"itemListElement\":[{\"@type\":\"ListItem\",\"position\":1,\"name\":\"Accueil\",\"item\":\"https:\\\/\\\/commeo-events.com\\\/\"},{\"@type\":\"ListItem\",\"position\":2,\"name\":\"Conciergerie\"}]},{\"@type\":\"WebSite\",\"@id\":\"https:\\\/\\\/commeo-events.com\\\/#website\",\"url\":\"https:\\\/\\\/commeo-events.com\\\/\",\"name\":\"Comm'eo event's\",\"description\":\"\",\"publisher\":{\"@id\":\"https:\\\/\\\/commeo-events.com\\\/#organization\"},\"potentialAction\":[{\"@type\":\"SearchAction\",\"target\":{\"@type\":\"EntryPoint\",\"urlTemplate\":\"https:\\\/\\\/commeo-events.com\\\/?s={search_term_string}\"},\"query-input\":{\"@type\":\"PropertyValueSpecification\",\"valueRequired\":true,\"valueName\":\"search_term_string\"}}],\"inLanguage\":\"fr-FR\"},{\"@type\":\"Organization\",\"@id\":\"https:\\\/\\\/commeo-events.com\\\/#organization\",\"name\":\"Comm'eo event's\",\"url\":\"https:\\\/\\\/commeo-events.com\\\/\",\"logo\":{\"@type\":\"ImageObject\",\"inLanguage\":\"fr-FR\",\"@id\":\"https:\\\/\\\/commeo-events.com\\\/#\\\/schema\\\/logo\\\/image\\\/\",\"url\":\"https:\\\/\\\/commeo-events.com\\\/wp-content\\\/uploads\\\/2026\\\/04\\\/cropped-Design-sans-titre-1.png\",\"contentUrl\":\"https:\\\/\\\/commeo-events.com\\\/wp-content\\\/uploads\\\/2026\\\/04\\\/cropped-Design-sans-titre-1.png\",\"width\":619,\"height\":250,\"caption\":\"Comm'eo event's\"},\"image\":{\"@id\":\"https:\\\/\\\/commeo-events.com\\\/#\\\/schema\\\/logo\\\/image\\\/\"}}]}<\/script>\n<!-- \/ Yoast SEO plugin. -->","yoast_head_json":{"title":"Conciergerie \u00e9v\u00e9nementielle sur mesure \u2013 Services personnalis\u00e9s haut de gamme \u2013 Comm'eo Event's","description":"Comm'eo Event's propose un service de conciergerie \u00e9v\u00e9nementielle sur mesure : gestion personnalis\u00e9e, demandes sp\u00e9cifiques et accompagnement haut de gamme en France et \u00e0 l\u2019international.","robots":{"index":"index","follow":"follow","max-snippet":"max-snippet:-1","max-image-preview":"max-image-preview:large","max-video-preview":"max-video-preview:-1"},"canonical":"https:\/\/commeo-events.com\/?page_id=21","og_locale":"fr_FR","og_type":"article","og_title":"Conciergerie \u00e9v\u00e9nementielle sur mesure \u2013 Services personnalis\u00e9s haut de gamme \u2013 Comm'eo Event's","og_description":"Comm'eo Event's propose un service de conciergerie \u00e9v\u00e9nementielle sur mesure : gestion personnalis\u00e9e, demandes sp\u00e9cifiques et accompagnement haut de gamme en France et \u00e0 l\u2019international.","og_url":"https:\/\/commeo-events.com\/?page_id=21","article_modified_time":"2026-03-21T03:24:21+00:00","twitter_card":"summary_large_image","twitter_misc":{"Dur\u00e9e de lecture estim\u00e9e":"1 minute"},"schema":{"@context":"https:\/\/schema.org","@graph":[{"@type":"WebPage","@id":"https:\/\/commeo-events.com\/?page_id=21","url":"https:\/\/commeo-events.com\/?page_id=21","name":"Conciergerie \u00e9v\u00e9nementielle sur mesure \u2013 Services personnalis\u00e9s haut de gamme \u2013 Comm'eo Event's","isPartOf":{"@id":"https:\/\/commeo-events.com\/#website"},"datePublished":"2026-01-11T21:44:20+00:00","dateModified":"2026-03-21T03:24:21+00:00","description":"Comm'eo Event's propose un service de conciergerie \u00e9v\u00e9nementielle sur mesure : gestion personnalis\u00e9e, demandes sp\u00e9cifiques et accompagnement haut de gamme en France et \u00e0 l\u2019international.","breadcrumb":{"@id":"https:\/\/commeo-events.com\/?page_id=21#breadcrumb"},"inLanguage":"fr-FR","potentialAction":[{"@type":"ReadAction","target":["https:\/\/commeo-events.com\/?page_id=21"]}]},{"@type":"BreadcrumbList","@id":"https:\/\/commeo-events.com\/?page_id=21#breadcrumb","itemListElement":[{"@type":"ListItem","position":1,"name":"Accueil","item":"https:\/\/commeo-events.com\/"},{"@type":"ListItem","position":2,"name":"Conciergerie"}]},{"@type":"WebSite","@id":"https:\/\/commeo-events.com\/#website","url":"https:\/\/commeo-events.com\/","name":"Comm'eo event's","description":"","publisher":{"@id":"https:\/\/commeo-events.com\/#organization"},"potentialAction":[{"@type":"SearchAction","target":{"@type":"EntryPoint","urlTemplate":"https:\/\/commeo-events.com\/?s={search_term_string}"},"query-input":{"@type":"PropertyValueSpecification","valueRequired":true,"valueName":"search_term_string"}}],"inLanguage":"fr-FR"},{"@type":"Organization","@id":"https:\/\/commeo-events.com\/#organization","name":"Comm'eo event's","url":"https:\/\/commeo-events.com\/","logo":{"@type":"ImageObject","inLanguage":"fr-FR","@id":"https:\/\/commeo-events.com\/#\/schema\/logo\/image\/","url":"https:\/\/commeo-events.com\/wp-content\/uploads\/2026\/04\/cropped-Design-sans-titre-1.png","contentUrl":"https:\/\/commeo-events.com\/wp-content\/uploads\/2026\/04\/cropped-Design-sans-titre-1.png","width":619,"height":250,"caption":"Comm'eo event's"},"image":{"@id":"https:\/\/commeo-events.com\/#\/schema\/logo\/image\/"}}]}},"_hostinger_reach_plugin_has_subscription_block":false,"_hostinger_reach_plugin_is_elementor":false,"_links":{"self":[{"href":"https:\/\/commeo-events.com\/index.php?rest_route=\/wp\/v2\/pages\/21","targetHints":{"allow":["GET"]}}],"collection":[{"href":"https:\/\/commeo-events.com\/index.php?rest_route=\/wp\/v2\/pages"}],"about":[{"href":"https:\/\/commeo-events.com\/index.php?rest_route=\/wp\/v2\/types\/page"}],"author":[{"embeddable":true,"href":"https:\/\/commeo-events.com\/index.php?rest_route=\/wp\/v2\/users\/1"}],"replies":[{"embeddable":true,"href":"https:\/\/commeo-events.com\/index.php?rest_route=%2Fwp%2Fv2%2Fcomments&post=21"}],"version-history":[{"count":10,"href":"https:\/\/commeo-events.com\/index.php?rest_route=\/wp\/v2\/pages\/21\/revisions"}],"predecessor-version":[{"id":329,"href":"https:\/\/commeo-events.com\/index.php?rest_route=\/wp\/v2\/pages\/21\/revisions\/329"}],"wp:attachment":[{"href":"https:\/\/commeo-events.com\/index.php?rest_route=%2Fwp%2Fv2%2Fmedia&parent=21"}],"curies":[{"name":"wp","href":"https:\/\/api.w.org\/{rel}","templated":true}]}}